{"id":2386,"date":"2024-02-06T15:53:10","date_gmt":"2024-02-06T14:53:10","guid":{"rendered":"https:\/\/atelierencredible.fr\/?post_type=product&#038;p=2386"},"modified":"2024-02-16T12:37:50","modified_gmt":"2024-02-16T11:37:50","slug":"bouquet-de-fleurs-carte-postale-imprimee-en-serigraphie","status":"publish","type":"product","link":"https:\/\/atelierencredible.fr\/index.php\/produit\/bouquet-de-fleurs-carte-postale-imprimee-en-serigraphie\/","title":{"rendered":"BOUQUET DE FLEURS"},"content":{"rendered":"<p>D\u00e9couvrez la carte postale en s\u00e9rigraphie \u00ab\u00a0Bouquet de fleurs\u00a0\u00bb, petit format en n\u00e9gatif d&rsquo;un bouquet de fleurs \u00e0 offrir ou \u00e0 s&rsquo;offrir. Ce rose p\u00e2le est obtenue \u00e0 partir de racines de garance. De la couleur \u00e0 distribuer !<\/p>\n<p>Toutes nos couleurs sont fabriqu\u00e9es \u00e0 l&rsquo;atelier, avec des ingr\u00e9dients \u00e9cologiques et sans polluants. Nous s\u00e9lectionnons avec soin nos pigments v\u00e9g\u00e9taux et min\u00e9raux, pour vous proposer des couleurs lumineuses et durables dans le temps.<\/p>\n<p>Tirage unique format carte postale en s\u00e9rigraphie, limit\u00e9 \u00e0 30 exemplaires sign\u00e9s et num\u00e9rot\u00e9s. S\u00e9rigraphie 1 couleur (rose) sur papier 250g.<\/p>\n","protected":false},"excerpt":{"rendered":"<p>Dimensions : A6 (10,5cm x 14,8cm) \/ Papier blanc 250gr<\/p>\n","protected":false},"featured_media":2405,"comment_status":"open","ping_status":"closed","template":"","meta":[],"product_brand":[],"product_cat":[23],"product_tag":[],"class_list":{"0":"post-2386","1":"product","2":"type-product","3":"status-publish","4":"has-post-thumbnail","6":"product_cat-non-classe","8":"first","9":"instock","10":"taxable","11":"shipping-taxable","12":"purchasable","13":"product-type-simple"},"yoast_head":"<!-- This site is optimized with the Yoast SEO plugin v27.4 - https:\/\/yoast.com\/product\/yoast-seo-wordpress\/ -->\n<title>Carte postale en s\u00e9rigraphie &quot;Bouquet de fleurs&quot;- Atelier Encredible<\/title>\n<meta name=\"description\" content=\"Carte postale &quot;Bouquet de fleurs&quot;, s\u00e9rigraphie r\u00e9alis\u00e9e par l&#039;Atelier Encredible. Avec une encre naturelle et \u00e9cologique de racine de garance.\" \/>\n<meta name=\"robots\" content=\"index, follow, max-snippet:-1, max-image-preview:large, max-video-preview:-1\" \/>\n<link rel=\"canonical\" href=\"https:\/\/atelierencredible.fr\/index.php\/produit\/bouquet-de-fleurs-carte-postale-imprimee-en-serigraphie\/\" \/>\n<meta property=\"og:locale\" content=\"fr_FR\" \/>\n<meta property=\"og:type\" content=\"article\" \/>\n<meta property=\"og:title\" content=\"Carte postale en s\u00e9rigraphie &quot;Bouquet de fleurs&quot;- Atelier Encredible\" \/>\n<meta property=\"og:description\" content=\"Carte postale &quot;Bouquet de fleurs&quot;, s\u00e9rigraphie r\u00e9alis\u00e9e par l&#039;Atelier Encredible. Avec une encre naturelle et \u00e9cologique de racine de garance.\" \/>\n<meta property=\"og:url\" content=\"https:\/\/atelierencredible.fr\/index.php\/produit\/bouquet-de-fleurs-carte-postale-imprimee-en-serigraphie\/\" \/>\n<meta property=\"og:site_name\" content=\"Atelier Encredible\" \/>\n<meta property=\"article:modified_time\" content=\"2024-02-16T11:37:50+00:00\" \/>\n<meta property=\"og:image\" content=\"https:\/\/atelierencredible.fr\/wp-content\/uploads\/2024\/02\/boutique_Plan-de-travail-1-copie-8-scaled.jpg\" \/>\n\t<meta property=\"og:image:width\" content=\"2560\" \/>\n\t<meta property=\"og:image:height\" content=\"2560\" \/>\n\t<meta property=\"og:image:type\" content=\"image\/jpeg\" \/>\n<meta name=\"twitter:card\" content=\"summary_large_image\" \/>\n<script type=\"application\/ld+json\" class=\"yoast-schema-graph\">{\"@context\":\"https:\\\/\\\/schema.org\",\"@graph\":[{\"@type\":\"WebPage\",\"@id\":\"https:\\\/\\\/atelierencredible.fr\\\/index.php\\\/produit\\\/bouquet-de-fleurs-carte-postale-imprimee-en-serigraphie\\\/\",\"url\":\"https:\\\/\\\/atelierencredible.fr\\\/index.php\\\/produit\\\/bouquet-de-fleurs-carte-postale-imprimee-en-serigraphie\\\/\",\"name\":\"Carte postale en s\u00e9rigraphie \\\"Bouquet de fleurs\\\"- Atelier Encredible\",\"isPartOf\":{\"@id\":\"https:\\\/\\\/atelierencredible.fr\\\/#website\"},\"primaryImageOfPage\":{\"@id\":\"https:\\\/\\\/atelierencredible.fr\\\/index.php\\\/produit\\\/bouquet-de-fleurs-carte-postale-imprimee-en-serigraphie\\\/#primaryimage\"},\"image\":{\"@id\":\"https:\\\/\\\/atelierencredible.fr\\\/index.php\\\/produit\\\/bouquet-de-fleurs-carte-postale-imprimee-en-serigraphie\\\/#primaryimage\"},\"thumbnailUrl\":\"https:\\\/\\\/atelierencredible.fr\\\/wp-content\\\/uploads\\\/2024\\\/02\\\/boutique_Plan-de-travail-1-copie-8-scaled.jpg\",\"datePublished\":\"2024-02-06T14:53:10+00:00\",\"dateModified\":\"2024-02-16T11:37:50+00:00\",\"description\":\"Carte postale \\\"Bouquet de fleurs\\\", s\u00e9rigraphie r\u00e9alis\u00e9e par l'Atelier Encredible. Avec une encre naturelle et \u00e9cologique de racine de garance.\",\"breadcrumb\":{\"@id\":\"https:\\\/\\\/atelierencredible.fr\\\/index.php\\\/produit\\\/bouquet-de-fleurs-carte-postale-imprimee-en-serigraphie\\\/#breadcrumb\"},\"inLanguage\":\"fr-FR\",\"potentialAction\":[{\"@type\":\"ReadAction\",\"target\":[\"https:\\\/\\\/atelierencredible.fr\\\/index.php\\\/produit\\\/bouquet-de-fleurs-carte-postale-imprimee-en-serigraphie\\\/\"]}]},{\"@type\":\"ImageObject\",\"inLanguage\":\"fr-FR\",\"@id\":\"https:\\\/\\\/atelierencredible.fr\\\/index.php\\\/produit\\\/bouquet-de-fleurs-carte-postale-imprimee-en-serigraphie\\\/#primaryimage\",\"url\":\"https:\\\/\\\/atelierencredible.fr\\\/wp-content\\\/uploads\\\/2024\\\/02\\\/boutique_Plan-de-travail-1-copie-8-scaled.jpg\",\"contentUrl\":\"https:\\\/\\\/atelierencredible.fr\\\/wp-content\\\/uploads\\\/2024\\\/02\\\/boutique_Plan-de-travail-1-copie-8-scaled.jpg\",\"width\":2560,\"height\":2560,\"caption\":\"Carte postale en s\u00e9rigraphie, imprim\u00e9e avec des encres naturelles. Elle repr\u00e9sente un bouquet de fleurs.\"},{\"@type\":\"BreadcrumbList\",\"@id\":\"https:\\\/\\\/atelierencredible.fr\\\/index.php\\\/produit\\\/bouquet-de-fleurs-carte-postale-imprimee-en-serigraphie\\\/#breadcrumb\",\"itemListElement\":[{\"@type\":\"ListItem\",\"position\":1,\"name\":\"Accueil\",\"item\":\"https:\\\/\\\/atelierencredible.fr\\\/\"},{\"@type\":\"ListItem\",\"position\":2,\"name\":\"Produits\",\"item\":\"https:\\\/\\\/atelierencredible.fr\\\/index.php\\\/boutique\\\/\"},{\"@type\":\"ListItem\",\"position\":3,\"name\":\"BOUQUET DE FLEURS\"}]},{\"@type\":\"WebSite\",\"@id\":\"https:\\\/\\\/atelierencredible.fr\\\/#website\",\"url\":\"https:\\\/\\\/atelierencredible.fr\\\/\",\"name\":\"Atelier Encredible\",\"description\":\"Design Graphique &amp; S\u00e9rigraphie\",\"publisher\":{\"@id\":\"https:\\\/\\\/atelierencredible.fr\\\/#organization\"},\"potentialAction\":[{\"@type\":\"SearchAction\",\"target\":{\"@type\":\"EntryPoint\",\"urlTemplate\":\"https:\\\/\\\/atelierencredible.fr\\\/?s={search_term_string}\"},\"query-input\":{\"@type\":\"PropertyValueSpecification\",\"valueRequired\":true,\"valueName\":\"search_term_string\"}}],\"inLanguage\":\"fr-FR\"},{\"@type\":\"Organization\",\"@id\":\"https:\\\/\\\/atelierencredible.fr\\\/#organization\",\"name\":\"Atelier Encredible\",\"url\":\"https:\\\/\\\/atelierencredible.fr\\\/\",\"logo\":{\"@type\":\"ImageObject\",\"inLanguage\":\"fr-FR\",\"@id\":\"https:\\\/\\\/atelierencredible.fr\\\/#\\\/schema\\\/logo\\\/image\\\/\",\"url\":\"https:\\\/\\\/atelierencredible.fr\\\/wp-content\\\/uploads\\\/2023\\\/09\\\/cropped-logo.png\",\"contentUrl\":\"https:\\\/\\\/atelierencredible.fr\\\/wp-content\\\/uploads\\\/2023\\\/09\\\/cropped-logo.png\",\"width\":1423,\"height\":1389,\"caption\":\"Atelier Encredible\"},\"image\":{\"@id\":\"https:\\\/\\\/atelierencredible.fr\\\/#\\\/schema\\\/logo\\\/image\\\/\"},\"sameAs\":[\"https:\\\/\\\/www.instagram.com\\\/atelierencredible\\\/\"]}]}<\/script>\n<!-- \/ Yoast SEO plugin. -->","yoast_head_json":{"title":"Carte postale en s\u00e9rigraphie \"Bouquet de fleurs\"- Atelier Encredible","description":"Carte postale \"Bouquet de fleurs\", s\u00e9rigraphie r\u00e9alis\u00e9e par l'Atelier Encredible. Avec une encre naturelle et \u00e9cologique de racine de garance.","robots":{"index":"index","follow":"follow","max-snippet":"max-snippet:-1","max-image-preview":"max-image-preview:large","max-video-preview":"max-video-preview:-1"},"canonical":"https:\/\/atelierencredible.fr\/index.php\/produit\/bouquet-de-fleurs-carte-postale-imprimee-en-serigraphie\/","og_locale":"fr_FR","og_type":"article","og_title":"Carte postale en s\u00e9rigraphie \"Bouquet de fleurs\"- Atelier Encredible","og_description":"Carte postale \"Bouquet de fleurs\", s\u00e9rigraphie r\u00e9alis\u00e9e par l'Atelier Encredible. Avec une encre naturelle et \u00e9cologique de racine de garance.","og_url":"https:\/\/atelierencredible.fr\/index.php\/produit\/bouquet-de-fleurs-carte-postale-imprimee-en-serigraphie\/","og_site_name":"Atelier Encredible","article_modified_time":"2024-02-16T11:37:50+00:00","og_image":[{"width":2560,"height":2560,"url":"https:\/\/atelierencredible.fr\/wp-content\/uploads\/2024\/02\/boutique_Plan-de-travail-1-copie-8-scaled.jpg","type":"image\/jpeg"}],"twitter_card":"summary_large_image","schema":{"@context":"https:\/\/schema.org","@graph":[{"@type":"WebPage","@id":"https:\/\/atelierencredible.fr\/index.php\/produit\/bouquet-de-fleurs-carte-postale-imprimee-en-serigraphie\/","url":"https:\/\/atelierencredible.fr\/index.php\/produit\/bouquet-de-fleurs-carte-postale-imprimee-en-serigraphie\/","name":"Carte postale en s\u00e9rigraphie \"Bouquet de fleurs\"- Atelier Encredible","isPartOf":{"@id":"https:\/\/atelierencredible.fr\/#website"},"primaryImageOfPage":{"@id":"https:\/\/atelierencredible.fr\/index.php\/produit\/bouquet-de-fleurs-carte-postale-imprimee-en-serigraphie\/#primaryimage"},"image":{"@id":"https:\/\/atelierencredible.fr\/index.php\/produit\/bouquet-de-fleurs-carte-postale-imprimee-en-serigraphie\/#primaryimage"},"thumbnailUrl":"https:\/\/atelierencredible.fr\/wp-content\/uploads\/2024\/02\/boutique_Plan-de-travail-1-copie-8-scaled.jpg","datePublished":"2024-02-06T14:53:10+00:00","dateModified":"2024-02-16T11:37:50+00:00","description":"Carte postale \"Bouquet de fleurs\", s\u00e9rigraphie r\u00e9alis\u00e9e par l'Atelier Encredible. Avec une encre naturelle et \u00e9cologique de racine de garance.","breadcrumb":{"@id":"https:\/\/atelierencredible.fr\/index.php\/produit\/bouquet-de-fleurs-carte-postale-imprimee-en-serigraphie\/#breadcrumb"},"inLanguage":"fr-FR","potentialAction":[{"@type":"ReadAction","target":["https:\/\/atelierencredible.fr\/index.php\/produit\/bouquet-de-fleurs-carte-postale-imprimee-en-serigraphie\/"]}]},{"@type":"ImageObject","inLanguage":"fr-FR","@id":"https:\/\/atelierencredible.fr\/index.php\/produit\/bouquet-de-fleurs-carte-postale-imprimee-en-serigraphie\/#primaryimage","url":"https:\/\/atelierencredible.fr\/wp-content\/uploads\/2024\/02\/boutique_Plan-de-travail-1-copie-8-scaled.jpg","contentUrl":"https:\/\/atelierencredible.fr\/wp-content\/uploads\/2024\/02\/boutique_Plan-de-travail-1-copie-8-scaled.jpg","width":2560,"height":2560,"caption":"Carte postale en s\u00e9rigraphie, imprim\u00e9e avec des encres naturelles. Elle repr\u00e9sente un bouquet de fleurs."},{"@type":"BreadcrumbList","@id":"https:\/\/atelierencredible.fr\/index.php\/produit\/bouquet-de-fleurs-carte-postale-imprimee-en-serigraphie\/#breadcrumb","itemListElement":[{"@type":"ListItem","position":1,"name":"Accueil","item":"https:\/\/atelierencredible.fr\/"},{"@type":"ListItem","position":2,"name":"Produits","item":"https:\/\/atelierencredible.fr\/index.php\/boutique\/"},{"@type":"ListItem","position":3,"name":"BOUQUET DE FLEURS"}]},{"@type":"WebSite","@id":"https:\/\/atelierencredible.fr\/#website","url":"https:\/\/atelierencredible.fr\/","name":"Atelier Encredible","description":"Design Graphique &amp; S\u00e9rigraphie","publisher":{"@id":"https:\/\/atelierencredible.fr\/#organization"},"potentialAction":[{"@type":"SearchAction","target":{"@type":"EntryPoint","urlTemplate":"https:\/\/atelierencredible.fr\/?s={search_term_string}"},"query-input":{"@type":"PropertyValueSpecification","valueRequired":true,"valueName":"search_term_string"}}],"inLanguage":"fr-FR"},{"@type":"Organization","@id":"https:\/\/atelierencredible.fr\/#organization","name":"Atelier Encredible","url":"https:\/\/atelierencredible.fr\/","logo":{"@type":"ImageObject","inLanguage":"fr-FR","@id":"https:\/\/atelierencredible.fr\/#\/schema\/logo\/image\/","url":"https:\/\/atelierencredible.fr\/wp-content\/uploads\/2023\/09\/cropped-logo.png","contentUrl":"https:\/\/atelierencredible.fr\/wp-content\/uploads\/2023\/09\/cropped-logo.png","width":1423,"height":1389,"caption":"Atelier Encredible"},"image":{"@id":"https:\/\/atelierencredible.fr\/#\/schema\/logo\/image\/"},"sameAs":["https:\/\/www.instagram.com\/atelierencredible\/"]}]}},"_links":{"self":[{"href":"https:\/\/atelierencredible.fr\/index.php\/wp-json\/wp\/v2\/product\/2386","targetHints":{"allow":["GET"]}}],"collection":[{"href":"https:\/\/atelierencredible.fr\/index.php\/wp-json\/wp\/v2\/product"}],"about":[{"href":"https:\/\/atelierencredible.fr\/index.php\/wp-json\/wp\/v2\/types\/product"}],"replies":[{"embeddable":true,"href":"https:\/\/atelierencredible.fr\/index.php\/wp-json\/wp\/v2\/comments?post=2386"}],"wp:featuredmedia":[{"embeddable":true,"href":"https:\/\/atelierencredible.fr\/index.php\/wp-json\/wp\/v2\/media\/2405"}],"wp:attachment":[{"href":"https:\/\/atelierencredible.fr\/index.php\/wp-json\/wp\/v2\/media?parent=2386"}],"wp:term":[{"taxonomy":"product_brand","embeddable":true,"href":"https:\/\/atelierencredible.fr\/index.php\/wp-json\/wp\/v2\/product_brand?post=2386"},{"taxonomy":"product_cat","embeddable":true,"href":"https:\/\/atelierencredible.fr\/index.php\/wp-json\/wp\/v2\/product_cat?post=2386"},{"taxonomy":"product_tag","embeddable":true,"href":"https:\/\/atelierencredible.fr\/index.php\/wp-json\/wp\/v2\/product_tag?post=2386"}],"curies":[{"name":"wp","href":"https:\/\/api.w.org\/{rel}","templated":true}]}}